on divisor of 32 and 1575916976?
16
Calculate the greatest common factor of 28557 and 141783.
501
What is the greatest common factor of 3785760 and 384?
96
Calculate the greatest common factor of 290 and 2480834.
58
Calculate the greatest common divisor of 29650645 and 2155.
2155
Calculate the highest common divisor of 252 and 7244100.
36
Calculate the highest common divisor of 1275728 and 232.
8
What is the greatest common factor of 114921 and 120458?
113
Calculate the highest common factor of 124275 and 576600.
75
Calculate the highest common divisor of 72046 and 43528498.
4238
Calculate the highest common divisor of 11095 and 8303498.
2219
What is the highest common factor of 4824 and 214702371?
603
Calculate the highest common factor of 656 and 33409588.
164
Calculate the greatest common divisor of 167572548 and 209.
11
What is the greatest common divisor of 29753480 and 4?
4
What is the greatest common divisor of 62 and 299181?
31
Calculate the greatest common factor of 10361742 and 78.
6
Calculate the greatest common divisor of 844468 and 83884.
268
Calculate the highest common factor of 4991874 and 2070.
138
Calculate the greatest common factor of 3564 and 120098.
22
What is the greatest common divisor of 9868925 and 99?
11
What is the greatest common factor of 1625 and 125771425?
325
What is the highest common factor of 69 and 9838664?
23
Calculate the greatest common factor of 2079 and 120525867.
2079
What is the greatest common divisor of 11576586 and 2310?
42
What is the greatest common factor of 442 and 212730986?
26
Calculate the highest common divisor of 28 and 138143390.
14
Calculate the greatest common divisor of 351 and 297336.
39
What is the highest common factor of 7370828 and 1468?
1468
Calculate the highest common divisor of 933952 and 30528.
64
What is the highest common factor of 1111 and 1487376?
11
What is the greatest common divisor of 168796 and 1672?
76
Calculate the highest common divisor of 616 and 401909816.
616
What is the highest common factor of 7813229 and 872?
109
What is the greatest common factor of 60 and 47875092?
12
What is the greatest common factor of 2853 and 1469929?
317
What is the highest common factor of 28688284 and 12700?
508
Calculate the greatest common factor of 82011780 and 72.
36
What is the greatest common factor of 310267 and 34?
17
Calculate the highest common factor of 1050645 and 12592.
787
Calculate the highest common divisor of 59 and 65786593.
59
What is the highest common factor of 808 and 6400?
8
What is the highest common factor of 76915575 and 3645?
1215
What is the greatest common factor of 2412 and 51694386?
402
Calculate the greatest common factor of 94 and 22548062.
94
What is the greatest common divisor of 1086 and 3210578?
362
Calculate the greatest common divisor of 24325 and 425110.
35
Calculate the greatest common divisor of 464575065 and 12975.
2595
Calculate the greatest common divisor of 3491299 and 196.
49
Calculate the greatest common divisor of 357 and 1614291.
21
What is the greatest common divisor of 10604422 and 6?
2
What is the greatest common factor of 5405316 and 280?
28
Calculate the greatest common divisor of 48647984 and 352.
176
What is the highest common factor of 684194 and 126?
14
What is the greatest common factor of 4985 and 2813534?
997
What is the greatest common factor of 96968 and 15436?
68
Calculate the greatest common divisor of 14973 and 106582.
161
Calculate the greatest common factor of 279 and 5728831.
31
What is the highest common divisor of 1770 and 36987690?
1770
What is the greatest common factor of 68918740 and 40?
20
What is the greatest common factor of 19 and 237761611?
19
What is the greatest common factor of 306 and 6834714?
102
Calculate the greatest common divisor of 9500 and 261592.
76
What is the greatest common divisor of 12267 and 1312830?
261
What is the greatest common factor of 1668615 and 2145?
195
What is the greatest common divisor of 8659879 and 6988?
1747
What is the highest common factor of 2305593 and 2223?
171
What is the highest common divisor of 221 and 2676616?
17
What is the highest common factor of 283200 and 274400?
800
Calculate the highest common factor of 12501 and 978426.
27
Calculate the highest common factor of 96544 and 1852007.
431
What is the greatest common factor of 109515029 and 115?
23
Calculate the highest common divisor of 58332519 and 112.
7
Calculate the greatest common factor of 27672083 and 1236.
103
What is the highest common divisor of 54363 and 2103?
3
What is the greatest common divisor of 29042815 and 620?
155
What is the highest common divisor of 19843 and 227?
1
What is the greatest common divisor of 7839190 and 296?
74
Calculate the highest common factor of 36111327 and 257.
257
Calculate the greatest common divisor of 2831884 and 1452.
484
What is the greatest common factor of 15640 and 13133690?
3910
What is the highest common divisor of 1989 and 1871181?
117
Calculate the highest common divisor of 2075 and 6962455.
415
What is the highest common factor of 814686248 and 16?
8
Calculate the highest common factor of 27 and 6798348.
9
Calculate the highest common divisor of 204318 and 522.
18
What is the highest common factor of 205982043 and 69?
69
What is the highest common factor of 46008 and 35458749?
1917
Calculate the greatest common factor of 1079853 and 4199226.
1821
Calculate the highest common divisor of 110 and 5156305.
55
What is the greatest common factor of 25245 and 1951830?
135
What is the greatest common factor of 12716 and 1510773?
187
What is the greatest common divisor of 566226 and 60507?
747
Calculate the greatest common divisor of 1214826372 and 36.
36
What is the greatest common factor of 1006944 and 86496?
1632
Calculate the greatest common factor of 2200 and 90825900.
1100
What is the highest common divisor of 114 and 51641358?
6
What is the highest common factor of 2038805 and 7439?
173
Calculate the highest common divisor of 94 and 21066.
2
What is the greatest common divisor of 729 and 499242285?
243
Calculate the greatest common divisor of 77660 and 122660.
20
What is the highest common divisor of 161 and 3651249?
7
What is the highest common divisor of 280 and 128088640?
40
Calculate the highest common divisor of 450 and 1095975.
225
What is the greatest common divisor of 4415467 and 42?
7
What is the greatest common factor of 157454 and 2043910?
374
Calculate the highest common factor of 43639694 and 6650.
266
What is the highest common divisor of 1377 and 573036?
51
Calculate the greatest common factor of 19357712 and 22528.
176
What is the greatest common factor of 347282 and 518?
74
What is the highest common divisor of 493 and 583857?
29
What is the highest common divisor of 2956401 and 8064?
63
Calculate the greatest common factor of 9373 and 2460773.
721
What is the greatest common factor of 5872 and 1808?
16
Calculate the greatest common factor of 2163 and 18354497.
721
Calculate the highest common factor of 187 and 2251.
1
What is the highest common divisor of 886374 and 10350?
414
Calculate the greatest common factor of 2280 and 9971200.
760
Calculate the greatest common factor of 532 and 4534559.
19
What is the highest common divisor of 9314 and 28645207?
4657
What is the greatest common divisor of 288 and 21759?
3
What is the highest common divisor of 465115 and 19885?
485
What is the highest common divisor of 260 and 14590810?
130
What is the greatest common divisor of 17030 and 548210?
130
Calculate the highest common divisor of 132 and 29883128.
44
Calculate the highest common factor of 889 and 791.
7
Calculate the greatest common divisor of 8643960 and 3510.
1170
Calculate the highest common factor of 1917 and 82332949.
71
Calculate the greatest common factor of 317982 and 48642.
402
Calculate the highest common factor of 860 and 54097096.
172
Calculate the greatest common factor of 2112324 and 768.
12
What is the highest common factor of 1110 and 3587380?
10
What is the highest common divisor of 4592 and 2371030?
82
What is the greatest common factor of 395754 and 36210?
426
What is the highest common divisor of 838 and 364293265?
419
What is the greatest common factor of 401995026 and 3438?
3438
Calculate the greatest common di